- 1335. Is b composite?
True
Let p(t) = 11*t**2 - 131*t - 35. Is p(-32) a composite number?
True
Suppose -3*x - 7204 = -4*g, -x - 478 - 6726 = -4*g. Is g a prime number?
True
Let p be 24/16*(-42)/(-9). Is 0 - -299 - (7 - p) a composite number?
True
Let l(g) = 12*g + 26. Suppose -14*o - 30 = -17*o. Is l(o) a composite number?
True
Suppose 16 = -0*x + 4*x. Suppose 6656 + 1268 = x*a. Is a composite?
True
Let i(s) = s**2 + 10*s + 1. Let w be i(-10). Suppose 11 - w = q + y, q + 20 = 5*y. Suppose 5 = q*n, o - 3*o = 4*n - 1362. Is o prime?
False
Suppose -33*a - 153581 + 795959 = 0. Is a prime?
False
Let q = -3479 + 5010. Let w = q - 882. Is w a prime number?
False
Let f(q) = 197*q**2 + 47*q + 9. Is f(19) composite?
False
Suppose 0*o - 3*o + 3195 = 0. Let r = o - 434. Is r a prime number?
True
Let m = 422 + -243. Let t = m - -44. Is t composite?
False
Let p(b) = -b**3 - 3*b**2 + 95. Let j be p(0). Let o = j + -46. Is o composite?
True
Suppose -648 = -30*d + 26*d. Let w = d - -71. Is w prime?
True
Let i = -4724 + 15517. Is i composite?
True
Is 12 + -16 - -8371*(-1 - -2) prime?
False
Let t(m) = 6*m + 18. Let w be t(-6). Let a be (-18)/w*(-4)/(-1). Suppose a*u = y + 765, -2*u - 2*y + y = -381. Is u prime?
True
Is 3299 + -7*2/(-14)*0 prime?
True
Suppose m + m = 314. Suppose -51*w + 1258 = -34*w. Let f = m - w. Is f a composite number?
False
Suppose 2612 - 246 = 2*f. Let q = f - 802. Is q composite?
True
Let k = 3920 + 7329. Is k a composite number?
True
Let u be ((-2)/((-6)/23))/(7/(-672)). Let s = u + 1250. Is s composite?
True
Let r = 6 - -17. Suppose h = 64 - r. Let u = -27 + h. Is u composite?
True
Let i = -20 + 17. Is 2/6 - 1658/i prime?
False
Let k(y) = 4*y - 2*y**2 - 4 + 0*y + 6*y**3 - 5*y + 8. Let c(q) = -q**2 + 1. Let x(w) = 3*c(w) - k(w). Is x(-3) a composite number?
False
Suppose -14*s + 33 = -3*s. Let r(l) = 3*l**3 + 3*l**2 - 3*l + 4. Is r(s) prime?
True
Suppose 4*u - 7*u = -18. Suppose 2*q - 6632 = -u*q. Is q composite?
False
Suppose -5*t - 6*z = -5*z - 67688, 13543 = t + 2*z. Is t a prime number?
True
Let m(o) = 24140*o**2 + 7*o + 6. Let r be m(-1). Suppose -12065 = -12*p + r. Is p a composite number?
True
Let u = -23 - -26. Suppose -u*o - 2999 = 5*c - 20026, 4*o - 3*c - 22664 = 0. Is o prime?
True
Let h be (6/(-2) - -4)*(2 - 24). Let b = h - -44. Is b prime?
False
Let x(h) = -h**3 + 9*h**2 + 5*h + 11. Let q(t) = 5*t + 60. Let r be q(-14). Is x(r) a prime number?
True
Let z(x) = 38*x**2 - 13*x + 10. Is z(-17) prime?
True
Let h(n) = -3*n**2 - 16*n + 7. Let c(u) = -4*u**3 + u + 1. Let t be c(-1). Let q(l) = 6*l**2 + 31*l - 13. Let v(m) = t*q(m) + 7*h(m). Is v(-10) composite?
True
Suppose 36084 = 5*v + 4*y + 14621, y = 2. Is v composite?
True
Let m be (-2)/(-1)*30/12. Suppose 5*t - 5*n + 7*n = 10887, m*t - 10888 = -3*n. Is t a prime number?
False
Let n(y) = 7*y**2 + 7*y - 3. Let q be n(6). Let d(b) = -3*b**2 - 18*b + 3. Let j be d(-6). Suppose -j*x - q = -4*r + 1601, 0 = r - x - 473. Is r prime?
False
Let j(z) = -z**3 - 7*z**2 - z - 2. Let o be j(-5). Let u = 31 + o. Is (-2)/4 - 6616/u a composite number?
True
Let r(m) be the second derivative of 7*m**3 - 29*m**2/2 - 3*m. Is r(10) prime?
False
Suppose -v = 74 - 62. Is ((-35932)/v + (-2)/(-3))/1 a prime number?
False
Suppose 145543 + 30145 = 8*f. Is f a prime number?
True
Suppose -2*n - n + 312 = 0. Let t = 102 + n. Suppose h + 28 = t. Is h composite?
True
Let l be 382 + (-12)/(-4 - 0). Suppose l = k + 4*k. Is k a prime number?
False
Is 1 - 441744/(-9) - 6/9 a composite number?
True
Suppose -3*s - 2 + 3 = -5*r, 3*r + 1 = 2*s. Suppose 0 = -s*q + 451 + 45. Suppose -q - 71 = -n. Is n a prime number?
False
Let v = -55 + 43. Is (-196)/6*18/v prime?
False
Suppose 22 = 2*z + 4*a, 0*z - 4 = z - a. Let w(t) be the second derivative of 56*t**5/5 - t**3/3 + t**2/2 + 2*t. Is w(z) composite?
False
Let w = -5 - -6. Let u be w*(2 - (-3)/(-3)). Let c = 36 - u. Is c a composite number?
True
Let r = 2695 + -1178. Suppose 25796 - r = 3*l. Is l composite?
False
Let m = -4411 - -7938. Is m prime?
True
Suppose -16*o + 1537214 = 22*o. Is o a prime number?
False
Suppose b + 4*h - 152 = 0, 0*b + 584 = 4*b + 4*h. Suppose 2*a - 78 = -3*k + 30, -4*k - 4*a = -b. Is 9/k*109*4 a composite number?
False
Is (-3)/(3/(-4)) + 104627/23 prime?
False
Let d be (4/3)/(6/9). Suppose d*m = -m + 369. Is m prime?
False
Let g(o) = 19*o**2 + 11*o + 30. Let s be g(-12). Is s - 1/(5/5) composite?
False
Suppose 4*i - 342 = 2*j - 8908, j - i = 4283. Is j prime?
True
Is (3 - 6 - -4)/(17/56015) a prime number?
False
Is (-4)/(-6) + (-175021)/(-21) + -2 composite?
True
Suppose 5*n = 2*y + 39061, -n - 4*y + 7200 = -599. Is n a composite number?
True
Let j(r) = r**2 - r + 5. Let g be j(0). Suppose m = -26*m + 12420. Suppose -g*y = -y - m. Is y prime?
False
Let p(b) = 2*b + 15. Let u be p(-7). Is (1 - -110) + (u - -1) composite?
False
Let d = -8762 + 118881. Is d a composite number?
False
Let u(j) = j**3 - j**2 + 14*j - 29. Is u(9) prime?
False
Suppose -4*c = -0*z + 3*z - 18, -5*c = 4*z - 23. Suppose 2*l + f = 1016, -2*l + 129 = -z*f - 875. Let y = 1137 - l. Is y composite?
False
Let q be ((-20)/(-60))/(-1 - 1420/(-1419)). Let l = q + -314. Is l a prime number?
False
Let c be -5*(-6)/15 - -175. Suppose -c + 50 = -m. Is m a composite number?
False
Let d be 28/(-5) + (-2)/5. Suppose -19*a - 13 = 6. Is a + (-2 - d) - -156 composite?
True
Let r = -28532 - -45375. Is r a prime number?
True
Let h = 11 + -9. Suppose h*s = -s + 3894. Suppose 5*m = -4*c + 1973, -5*m + s = 5*c - 672. Is m a composite number?
False
Let r be (-88)/(-6)*(6 + 0). Suppose 0 = a - 145 - r. Suppose -3*t = 11 - a. Is t a prime number?
False
Suppose -28*j + 10776 = -20*j. Is j a prime number?
False
Let j(s) = 83*s**2 + 3*s + 13. Let t(b) = -21*b**2 - b - 3. Let d(m) = -2*j(m) - 9*t(m). Is d(-3) prime?
True
Suppose 3*t - 50 + 323 = 0. Let m = 233 - t. Let x = m + 223. Is x a composite number?
False
Let h = 11581 + -4994. Is h composite?
True
Suppose -4*t + 8 = -3*t - 4*z, 3*t + 3*z = 54. Let c = t - 14. Is 634 - (c + -3)*1 prime?
False
Let g(b) = 5*b - 4. Suppose 2 = -k + 4. Let w(r) = r**3 - 2*r - 1. Let i be w(k). Is g(i) prime?
True
Suppose 2*d + 5*o = -21, -4*o + 15 = -4*d + 43. Suppose -57 = u + d*a, 4*u + a + 39 + 217 = 0. Let g = 90 - u. Is g prime?
False
Let c be (36/(-30))/((-2)/1620). Let z = c - 299. Is z composite?
False
Let h(t) = -t**2 + 17*t - 1. Is h(13) prime?
False
Let f(g) = -35*g**3 + 4*g**2 - g + 13. Is f(-4) a composite number?
True
Let t(s) = 5*s**3 + 2*s**2 - 4*s. Suppose 2*c = 5*j + 16, -j + 0*j - 2 = 0. Is t(c) composite?
True
Let j be 17604/6 - (0 + 0). Suppose 2 = 3*d - 1, -5*v + d + j = 0. Is v a prime number?
True
Let v(s) = -6*s**2 + 2*s - 3. Let x(t) = -t**2 + t - 1. Let l(i) = -v(i) + 3*x(i). Let b be l(-1). Is 707/b - 6/12 prime?
True
Suppose 2*f - 3 = -5. Let z be f/(-3 + (-80)/(-28)). Suppose -4*o = -z*o + 111. Is o a prime number?
True
Let f be -3 + 0/(-2 + (-2 - -5)). Is (4073/f)/(2*(-4)/24) a composite number?
False
Let x be (-26)/39 + 52/6. Is (-13436)/x*(0 - (1 + 1)) a prime number?
True
Suppose 0 = 2*q + 4*m + 426, -2*q + m + 117 = 558. Let v = q - -908. Let k = v + -168. Is k composite?
False
Suppose -13 + 9 = -2*y. Suppose -16 = y*h + 2*h. Is (-309)/h - 1/4 a composite number?
True
Let h be -1103*8/4*-1. Let i = 3533 - h. Suppose 0 = -4*d + 37 + i. Is d a composite number?
True
Let u be (906/(-3))/(1/(-23)). Suppose -4616 - u = -6*h. Is h prime?
False
Let c(i) = -5*i + 3. Let b be c(3). Let g(n) = n**3 + 12*n**2 - 12*n - 5. Is g(b) composite?
False
Let l(h) be the first derivative of h**4/2 - 7*h**3/3 - 11*h**2/2 + 3*h - 663. Suppose 4*i - 5*o + 4*o = 37, -2*o = -2*i + 26. Is l(i) prime?
True
Is 9482/(8 + -2 + -4) prime?
False
Let y = 227 - 328. Let r = 522 - y. Is r composite?
True
Suppose -3*y - 21 = 2*h, -4*h + 5*h + 5*y + 7 = 0. Let w be 1/(2/h*3). Is (310/20)/((-1)/w) prime?
True
Let u be 44/(-28) + 5 + (-3)/7. Let v be (-3 + 15)*2/(-4). Is 171/v*(-2)/u a prime number?
True
Let y = 94 + -50. Suppose -n = -27 - y. Is n prime?
True
Let h(f) = -337*f + 45. Is h(-14) composite?
True
Suppose -4*j + 3*g + 3663 + 1344 = 0, 2*j = 5*g + 2507. Let u = j - 763. Let r = 1275 - u. Is r composite?
False
Let p(g) = -37*g**3 + 5*g**2 - 4*g - 5. Is p(